 = t + 14343. Suppose -66*q + p = -63*q. Is q a prime number?
True
Suppose -3*s - 3709 = -5*t, 3*s + 5*t + 95 + 3594 = 0. Suppose -56*f + 54*f = -4396. Let z = f + s. Is z a prime number?
False
Let x be (2 + 0)*(-3321)/6. Let m be -7*(-5 + -315 - 0)/1. Let h = x + m. Is h composite?
True
Let i(z) be the third derivative of -377*z**4/8 - 35*z**3/6 + 20*z**2. Let n be i(-9). Is 6/(-4)*n/(-48) composite?
False
Let a(g) be the first derivative of -41*g**5/24 - g**4/6 + 22*g**3/3 + g + 2. Let u(o) be the third derivative of a(o). Is u(-1) prime?
False
Let c(w) = -14*w**3 + 8*w**2 + 3*w + 43. Let d(k) = 21*k**3 - 11*k**2 - 5*k - 65. Let i(m) = 8*c(m) + 5*d(m). Is i(-8) a prime number?
False
Let m = 2767 + -1938. Is -18 - -18 - -1*2*m a prime number?
False
Let y be -5*(-15)/25 - 4. Let n(x) = 292*x**3 + x**2 - x - 2. Let s be n(y). Let m = 187 - s. Is m a composite number?
False
Suppose -8755*p + 8772*p - 6584729 = 0. Is p prime?
False
Suppose -280515 = -5*a - 4*w + 105228, 5*a - 385767 = 4*w. Is a composite?
True
Let k(d) = -13*d**2 - 4*d - 5. Suppose -4*l - 4*y - 8 = 0, 0 = 5*l + y + 25 - 3. Let s(z) = 13*z**2 + 5*z + 6. Let t(m) = l*k(m) - 4*s(m). Is t(-2) composite?
False
Let m(i) be the second derivative of -i**4/12 + i**3/2 + 45*i**2/2 + 36*i. Let u be m(8). Suppose 0 = u*z - 1386 - 799. Is z a composite number?
True
Let u = -96532 - -166563. Is u composite?
True
Let a(m) = 4*m - 30. Let v be a(8). Let w be ((1 - v) + -1)/1. Is w/9 - 284510/(-90) prime?
False
Let t(s) = -12*s + 101. Let k be t(8). Let v(j) = 89*j**2 - 26*j + 4. Is v(k) a prime number?
True
Let t(j) = 1182*j + 3575. Is t(81) composite?
False
Is ((-5)/(-45))/(4/3088548) prime?
True
Let p = 815 + -806. Suppose -5*b - 20 = 0, -2*n - 4*b = -p*b - 18904. Is n prime?
False
Let n be ((-3)/(-12))/(1/4). Let r = 1 + n. Is (72/16 - 4) + 5265/r prime?
True
Suppose s = -2*d - 224, -d - 381 = 2*s + 55. Is 9/(s/6) + 2837/4 prime?
True
Let a = 321 - 266. Is (a/110)/(2/53468) composite?
False
Let g = 9459447 + -4880696. Is g a composite number?
False
Suppose 4*r - 799818 = 2*m, -127*m = -4*r - 129*m + 799790. Is r a prime number?
False
Let c = -84 - -84. Suppose 2*z - 19 - 9 = c. Is (133/z)/(3/318) a composite number?
True
Let h(t) = 803022*t - 1745. Is h(1) prime?
True
Suppose 2*q - 810898 = -12*v, 5*q - 26*v - 2027420 = -21*v. Is q a prime number?
False
Let b = -22 - -26. Suppose -5*z - 14 + b = 0. Is 35510/18 + (z - (-20)/9) a composite number?
False
Let h(f) = -f**3 + 60*f**2 + 2*f - 19. Is h(30) composite?
True
Let n = -27 + 51. Let l = -7382 - -7592. Suppose -l = -6*r + n. Is r composite?
True
Suppose 7*h - 9048 - 18868 = 0. Suppose -3*b + 11971 = -4*m, b - 5*m - h = -6*m. Is b prime?
True
Suppose -3*z - q + 14 = 0, 0 = -5*z + 5*q - 5 + 35. Let a be 3/(-2 + z) + -2 + 0. Is 1/((a + 2)/((-2577)/(-3))) composite?
False
Suppose -q - 65*z + 64*z = -84267, -5*q + 4*z + 421299 = 0. Is q a composite number?
False
Let y(u) = 361*u**2 + 74*u + 842. Is y(-12) prime?
False
Suppose 7*g - 180527 = -21473. Suppose -2*q - 10 = -4*l, 2*q - 25 = -4*l + q. Suppose 11*k - g = l*k. Is k a prime number?
False
Let c be (-6)/(-8) + (-225)/12 + 13. Let o(r) = -56 + 16 - 73*r - 374*r. Is o(c) a composite number?
True
Suppose 5*x - g - 16 = 0, 4*x + 0*x = 2*g + 14. Suppose x*i - 3380 = -5*p, 0 = -3*i - 2*p + 5*p + 3420. Is i a prime number?
False
Suppose 3*t = -420 - 3105. Let i = 5788 + t. Is i a composite number?
True
Suppose 46*y - 41*y = 265905. Suppose 14*c = y + 3295. Is c a composite number?
True
Suppose -5*j + n - 667 = 3*n, 527 = -4*j + 5*n. Let o = -129 - j. Suppose o*f - 3*f = 3*b - 2863, -5*b = -f - 4773. Is b prime?
False
Let u(j) = j**2 + 7*j + 8. Suppose 3*c + 20 = c. Let m be u(c). Suppose 0 = -m*n + 33*n + 2265. Is n composite?
True
Suppose -4*l - 2*b = -16, 4*l - 7*b + 2*b = 44. Suppose 3435 = l*k - 8907. Suppose -5*z - 2*j + k = j, -2*j + 8 = 0. Is z composite?
False
Suppose 0 = -k - y + 7515, 0*k - 3*y = -2*k + 15050. Let x = k - 14333. Let w = 12483 + x. Is w a prime number?
True
Suppose -3*i - 5*o + 301283 = -47334, -o - 348629 = -3*i. Is i a composite number?
True
Let a(y) = -y**2 + 25*y + 143. Let k be a(29). Suppose 3*i + 2*m - 13611 = 0, -k*i - m = -28*i + 4532. Is i a composite number?
True
Suppose z + s + 2 = 0, 3*s = -3*z - 2*s - 16. Suppose m - 5*q - 9 = 0, -2*m + 6*q - q + z = 0. Is (4/m)/((-12)/1206) a composite number?
False
Let r be (-624)/(-9) + (-12)/(-18). Let w(x) = -207*x - r*x + 53 - 19. Is w(-7) a prime number?
True
Suppose 4*w + 117113 = -4*h + 420837, -5*h - 303760 = -4*w. Is w prime?
False
Let n = -73029 - -177598. Is n composite?
True
Let g be 10 + (2/(-2) - -5 - 7). Suppose 0 = g*c + 6871 - 124954. Is c prime?
False
Let f(k) be the second derivative of 31*k - 562/3*k**3 - 13/2*k**2 + 0. Is f(-3) a composite number?
False
Suppose p = -i, 2*p + 28 = 2*i + 3*i. Suppose 4*q = i*r - 2*r, 4*r = 4*q. Suppose 5*a - 1213 - 1222 = q. Is a a prime number?
True
Suppose k + 27 = -5*b, -b + 3 = -4*k - 0*b. Let v be k*(-5 + (-3)/(-1)). Suppose g + l - 1864 - 843 = 0, -4*l = -v*g + 10828. Is g composite?
False
Let m(s) be the first derivative of -30*s**2 + 9*s + 5. Let g be m(9). Let j = g + 1032. Is j prime?
False
Let a = 158 - 112. Let h(l) = a*l + 651*l + 646*l - 3 - 250*l. Is h(2) a prime number?
False
Let q(v) = 15*v**3 + v**2 - 2*v. Let y be q(1). Suppose l = -5*n - 6, 4*l + 5*n = -y - 10. Is (-1281)/l + -3 + 5/2 a prime number?
False
Let y(c) = 4*c**2 + 45*c + 13. Let o be y(-11). Suppose -4*x + 11 = -4*j + 3, 0 = 5*x + o*j - 10. Suppose 5*r + 6*v - 2241 = 7*v, x*r = 5*v + 878. Is r prime?
True
Let t(k) = 12*k**3 + 2*k**2 - 6*k + 8. Let n be t(2). Suppose 96*w - n*w + 22844 = 0. Is w composite?
False
Let x be (28/8)/(2/188). Let r be (-194)/(-6) - (-4)/6. Suppose -4*l = -x + r. Is l composite?
True
Suppose -166*z - 27*z + 24047993 = 0. Is z prime?
True
Let t = -2494 - 538. Let j = t - -1627. Let q = 2499 + j. Is q a composite number?
True
Let l = -29 - -31. Suppose -2*y + 6 = -l. Is ((-6)/y)/(33/(-11198)) prime?
True
Let d = 381 - 792. Let t = d + 2534. Is t a prime number?
False
Suppose -2487 - 4777 = -2*d. Let g = d - 2209. Suppose -3*z + q + 2860 = 0, 4*z - 3*q = 2392 + g. Is z a composite number?
False
Suppose 5*q + 1680 - 4889 = w, -4*w = -3*q + 12938. Suppose -10338 = -3*p + 12396. Let u = p + w. Is u composite?
False
Let y(t) = -137*t - 190. Let i(r) = r + 1. Let d(p) = -3*i(p) + y(p). Is d(-7) a prime number?
True
Suppose 0 = -m - 29177 + 125999 + 45835. Is m a composite number?
False
Is 1*356694 + ((-220)/330)/(4/6) composite?
False
Let k = 850 + -592. Suppose -6*c + 23839 = 25*c. Let r = c - k. Is r a prime number?
False
Let h = 1911 + -908. Let n = h - -640. Is n a composite number?
True
Suppose 2*i - 6 - 48 = 0. Suppose 4*u = -4*s + 4, 5*u + 15*s = 12*s + 11. Suppose 179 = u*k + i. Is k prime?
False
Suppose 0 = r - 3*u - 3242, -3*u + 5573 = 3*r - 4141. Suppose -r = -l + 2*q, -4*l + 6476 = -2*l - 3*q. Is l composite?
True
Let p(k) = -689*k + 1585. Is p(-14) composite?
True
Let t be 79652/((-2)/(-12)*60/40). Suppose -13*w + t = 3*w. Is w composite?
False
Let f = -24811 - -39761. Suppose 0 = -3*j + f + 11885. Suppose -4*k - 2*i + 1795 = -j, -5*k - 2*i = -13423. Is k composite?
False
Let r be -4 - (-4 + 10/(-5)). Suppose -4*x + o + 4555 = -2*o, -2280 = -r*x + 2*o. Is x a prime number?
False
Suppose 5*g - 22 = u, -3*g = 4*u - 0*u - 27. Suppose d + 2315 = 4*d - v, v = g*d - 3857. Suppose 28*b = 27*b + d. Is b prime?
False
Let v = 340140 - 63685. Is v a prime number?
False
Let h(y) = -2*y**3 - 6*y**2 + 27*y - 10. Suppose p - 73 = -82. Is h(p) composite?
False
Let v(m) = 36*m - 211. Let w be v(6). Suppose 2*a + w*d - 16824 = 0, 4*a - 33630 = -2*d + d. Is a a composite number?
True
Let f = -45 + 52. Suppose 5*l - 24356 = s, 9724 = 2*l + 2*s - f*s. Suppose -4*k - 4*r + l = 0, -r - 1208 = 3*k - 4*k. Is k composite?
False
Let x(w) be the first derivative of 354*w**2 - 23*w - 47. Is x(9) composite?
True
Suppose -3*b + 2*b = -3*r + 10, -5*b - 17 = -4*r. Suppose 0 = 9*d - 24*d - 510. Let z = r - d. Is z composite?
False
Suppose 15812 = 64*z - 63*z. Suppose -4*q + 5*o = -z, 2*q + 4*o - 7936 = -o. Suppose -q = 3*v - 5*v. Is v a composite number?
False
Let a be (21/7)/(3/19). Sup